c + 1. Let y be g(-20). Let p = 63 + y. Calculate the remainder when 64 is divided by p.
13
Suppose -y - 162 = 107. Let t = -226 - y. Calculate the remainder when 212 is divided by t.
40
Suppose 0 = -5*p - 2*z + 12771, 4*p = -2*z + 6931 + 3287. Suppose p = 26*k - 385. Calculate the remainder when k is divided by 57.
56
Let p = -13041 - -13089. Calculate the remainder when 1713 is divided by p.
33
Suppose -1725 + 159 = -19*g + 3716. What is the remainder when g is divided by 28?
26
Let l = 501 + -439. Calculate the remainder when 106 is divided by l.
44
Let b(t) = -t**3 - 4*t**2 - 12*t + 4. Let p be b(5). Let l = 453 + p. Calculate the remainder when l is divided by 35.
32
Suppose -5*j - 14 - 102 = -3*n, -2*n + 5*j + 79 = 0. Let z(y) = 68*y + 70 - n - 37. What is the remainder when z(2) is divided by 27?
24
Suppose -68*i + 1368 = -74*i. What is the remainder when 103 is divided by (33/(-99))/(((-10)/i)/(-5))?
27
Suppose 80 + 10 = 6*n. Calculate the remainder when 12/162*9*(-222)/(-4) is divided by n.
7
Suppose -4*p = -0*p + 4*m - 204, -5*p = -3*m - 295. Suppose 0 = j + 6*j + 309 - 1156. What is the remainder when j is divided by p?
9
Let d be (21 + -7 + 9)*(2 + 15). Suppose -6*r + d = 11*r. Suppose -189 = -j - 2*j. What is the remainder when j is divided by r?
17
Let n = -144 - -144. Suppose n = k + 5*q - 14 - 19, -9 = -k + 3*q. Suppose -3*a = 2*a - 260. What is the remainder when a is divided by k?
16
Let y = -31 - -48. Let z(t) = -9*t**3 + t + 1. What is the remainder when 2/(1/(y + -1)) is divided by z(-1)?
5
Suppose -28*h = 1502 + 3034. What is the remainder when 247 is divided by 20/(h/(-30) - 5/1)?
47
Suppose 28*c + 6*c - 5600 = -36*c. Calculate the remainder when 571 is divided by c.
11
Let k = -9 + 83. Let v = k - 140. Let p = -35 - v. Calculate the remainder when p is divided by 11.
9
Calculate the remainder when 214 is divided by ((-27)/(-4))/((-624)/(-9152)).
16
Let v = -109 - -658. What is the remainder when v is divided by 129?
33
What is the remainder when 96 is divided by -1*2*3649/(-178)?
14
Let h = -2947 - -3533. Calculate the remainder when h is divided by 191.
13
Let u = 67 + -63. Suppose -9*a + 6*a + 36 = 3*q, 0 = -u*a - 4. What is the remainder when 89 is divided by q?
11
Suppose 7210 = 13*p - 15991 - 160. What is the remainder when p is divided by 300?
297
Let t be (116/6 - -4)*(-27)/(-9). Suppose 10*m - 65 = -5*r + 12*m, -5*r + 3*m = -t. Calculate the remainder when 240 is divided by r.
9
Let s(c) = 3*c**2 - 29*c + 184. Calculate the remainder when s(8) is divided by 31.
20
Suppose 3*w + 2*r - 16 = 0, -5*w + 56 - 4 = -3*r. Suppose v - 3 = -31. Calculate the remainder when (798/v)/((-6)/8) is divided by w.
6
Suppose 2*o + 171 = -5*c, -o = 3*c - 4*c - 37. Let f(g) = g**3 + 33*g**2 - 74*g - 53. What is the remainder when 172 is divided by f(c)?
85
Suppose -2*h + h + 31 = -3*a, -19 = -h - 3*a. Suppose h*n + 429 = 36*n. What is the remainder when n is divided by 8?
7
Let f = -43293 + 46023. Calculate the remainder when f is divided by 36.
30
Suppose -2*x = -3*i + 1994, -5*i - 3*x = -1846 - 1471. What is the remainder when i is divided by 67?
61
Let r = 140 + 619. Suppose -26*v + 1217 = -r. What is the remainder when v is divided by 2?
0
Let a(j) = -40*j - 2. Suppose 1070*n - 1056*n - 70 = 0. What is the remainder when a(-1) is divided by n?
3
Suppose 347 = 22*z + 83. What is the remainder when 4619 is divided by z?
11
Suppose 13*w = 48 + 4. Let u(x) = -x**2 + 4*x. Let g be u(4). Suppose -j - 4*j + 35 = g. Calculate the remainder when j is divided by w.
3
Let p = 642 - 628. Let h = -42 + 124. Let o = 136 - h. What is the remainder when o is divided by p?
12
Let w = 340 - 230. What is the remainder when w is divided by 21?
5
Suppose 11382 + 19473 = 129*z + 36*z. What is the remainder when 5422 is divided by z?
186
Suppose 104*s + 3485 = 54*s + 67*s. Calculate the remainder when s is divided by 60.
25
Let t(v) = -18 + 8*v - v + 7 - 10*v. Calculate the remainder when 31 is divided by t(-10).
12
Suppose -d + 69 = d - 5*o, -4*d - 4*o = -96. Let g(l) = -26*l - 35. What is the remainder when g(-5) is divided by d?
14
Suppose -225 = 3*p - 8*p. Suppose -12*o - 105 = -7*o. Calculate the remainder when p is divided by 6/4*(-224)/o.
13
Suppose 5*w - 28 = -3*n + 56, 5*w + 4*n = 87. Suppose 25*x = 44*x - 532. Calculate the remainder when x is divided by w.
13
Let u be (-28)/12 - (-4)/(-12)*-1. What is the remainder when 147 is divided by (-358)/(-12) - u*(-3)/(-36)?
27
Let d(k) = -k**3 + 84*k**2 + 363*k + 292. What is the remainder when d(88) is divided by 4?
0
Let f = 9 - -9. Let g be 98/(13/(91/(-14))). Let r = -39 - g. What is the remainder when f is divided by r?
8
Let x(z) = -86*z - 1. What is the remainder when 725 is divided by x(-1)?
45
Let t = -4940 - -5075. What is the remainder when 532 is divided by t?
127
Suppose b = -5*a + 29, b + a = 4*b - 135. Let m(j) = -10*j + 11. What is the remainder when m(-16) is divided by b?
39
Let q = 204 - -58. Suppose 11*u - 365 = q. Calculate the remainder when 396 is divided by u.
54
Let h(r) = r**3 - 42*r**2 + r - 17. Suppose -295 = -5*n - 85. What is the remainder when 62 is divided by h(n)?
12
Let u(p) = p**3 + 4*p**2 - 2. Suppose 10 = -5*l - 5*l. Let g be u(l). Let k = g + 15. Calculate the remainder when 30 is divided by k.
14
Let r(a) = 7*a**2 + 5*a + 47. Let w be r(-6). Suppose -12*t + w + 7 = 0. What is the remainder when 90 is divided by t?
21
Let p be 137/(7/28*-2). Let a = 281 + p. What is the remainder when 27 is divided by a?
6
Let u be 2*2 - -30*5/10. Suppose -3*r = 28 - u, 4*c - 4*r = 212. What is the remainder when c is divided by 14?
8
Let r = 4398 - 4303. What is the remainder when 3133 is divided by r?
93
Let i(d) = -6*d**3 - 32*d**2 - 85*d - 11. Calculate the remainder when 370 is divided by i(-5).
6
Let g = 2 - -28. Suppose -g = -u - 13. Suppose -u*k + 13*k = -20. Calculate the remainder when 28 is divided by k.
3
Let g = 85 - -118. Calculate the remainder when g is divided by -1 + 12 - (118 - 30 - 86).
5
Let q(j) = -3*j**2 + j. Let v(r) = 21*r**2 - 2*r + 46. Let f(w) = 4*q(w) + v(w). What is the remainder when f(0) is divided by 8?
6
Let y(i) = 5446*i - 1958. Calculate the remainder when y(3) is divided by 94.
92
Let y(k) = k + 8. Let c be y(-9). Let s be (35/c + 2)*(-1 - -2). Let u = 47 + s. Calculate the remainder when 49 is divided by u.
7
Suppose -12*j - 2*p - 2036 = -17*j, 5*p = -2*j + 855. What is the remainder when j is divided by 132?
14
Let y be (-520)/(-140) + ((-12)/7 - -2). Suppose 3*l = -y*c + 1699, c + 4*l = -0*c + 415. Calculate the remainder when c is divided by 24.
19
Let s = 5156 + -5047. Calculate the remainder when s is divided by 22.
21
Suppose -30*t = -21*t - 1161. What is the remainder when 1544 is divided by t?
125
Let k(r) = r**2 + 82*r + 1739. Calculate the remainder when 1440 is divided by k(-37).
34
Suppose -43*j + 260792 = -120805 + 69890. What is the remainder when j is divided by 74?
71
Let u be (-4)/18 + 47/9. Suppose -5*i - 55 = -u*n, -n + 3*i + 17 = n. Calculate the remainder when 2 - ((121545/54)/(-37) + (-1)/6) is divided by n.
15
Let l be (2/(-6))/((-2)/12). What is the remainder when (6/l + 10)/1 is divided by 7?
6
Let n be -3 + ((-2856)/(-3))/(-7). Let l = n + 183. What is the remainder when l is divided by 25?
19
Let l = 10195 - 10148. What is the remainder when 123 is divided by l?
29
Suppose -2*f - 4 = -2*j, 3*j - 16*f + 21*f = 30. What is the remainder when 29 is divided by j?
4
Suppose 0 = -2*b + 4, 56 + 63 = 3*i - 2*b. Suppose -3*k = -3*y + 21, -27 = -5*k - 7. What is the remainder when i is divided by y?
8
Suppose -321 = -3*w + 9*n - 12*n, n + 1 = 0. Suppose 7*l - 221 = w. What is the remainder when l is divided by 4?
3
Suppose -90*v = -91*v + 17. Let m(a) = 4*a - 59. What is the remainder when 276 is divided by m(v)?
6
Let r(u) = u**3 - 9*u**2 - 54*u - 2. Let a be r(-4). Suppose a*z - 901 - 293 = 0. Let s = 53 + -28. Calculate the remainder when z is divided by s.
24
Suppose -2*v = i + 423, 674 + 379 = -5*v - i. Let y = -127 - v. Calculate the remainder when y is divided by 14.
13
Let h be (5/((-5)/3))/(4/(-44)). Let d(q) = q**3 - 34*q**2 + 35*q - 54. What is the remainder when 47 is divided by d(h)?
11
Let p be (-120 - 15)